{"id":2532,"date":"2012-01-04T01:09:38","date_gmt":"2012-01-03T23:09:38","guid":{"rendered":"http:\/\/www.maltreting.pl\/?page_id=2532"},"modified":"2012-01-04T01:17:25","modified_gmt":"2012-01-03T23:17:25","slug":"dla-kogo-jest-maltreting","status":"publish","type":"page","link":"https:\/\/www.maltreting.pl\/index.php\/o-maltretingu\/dla-kogo-jest-maltreting\/","title":{"rendered":"Dla kogo jest Maltreting?"},"content":{"rendered":"<p style=\"TEXT-ALIGN: justify\">Dla mnie. To ja mam mie\u0107 z niego zabaw\u0119. A w przysz\u0142o\u015bci s\u0142aw\u0119, rz\u0105d dusz i dominacj\u0119 nad \u015bwiatem.<\/p>\n<p style=\"TEXT-ALIGN: justify\">Ale czytaj\u0105 go inni. Ci &#8222;inni&#8221; to obecnie g\u0142\u00f3wnie ludzie zwi\u0105zani zawodowo z marketingiem. Tak przynajmniej mo\u017cna s\u0105dzi\u0107, je\u015bli zajrzy si\u0119 na profile facebookowych fan\u00f3w Maltretingu (oczywi\u015bcie tych, kt\u00f3rzy te informacje upubliczniaj\u0105).<\/p>\n<p style=\"TEXT-ALIGN: justify\">Na dzisiaj (3.01.2012) wszyscy fani, w liczbie 474,\u00a0s\u0105 pe\u0142noletni, wi\u0119kszo\u015b\u0107 ma 25 do 34 lat. Wi\u0119kszo\u015b\u0107 to faceci &#8211; ich przewaga jest niewielka (52%), ale i tak ubolewam nad tym faktem. Wola\u0142bym\u00a0otacza\u0107 si\u0119 kobietami. (Wstawi\u0142bym tu takiego emota z przymru\u017conym okiem, ale niedawno postanowi\u0142em sobie, \u017ce na Maltretingu nie b\u0119d\u0119 u\u017cywa\u0142 emot\u00f3w &#8211; to takie \u017cenuj\u0105ce: t\u0142umaczy\u0107, \u017ce \u017cart jest \u017cartem&#8230;)<\/p>\n<p style=\"TEXT-ALIGN: justify\">Mam cich\u0105 nadziej\u0119, \u017ce w przysz\u0142o\u015bci znacznie zwi\u0119kszy si\u0119 udzia\u0142 os\u00f3b, kt\u00f3rzy z marketingiem maj\u0105 niewiele wsp\u00f3lnego. A \u015bci\u015blej &#8211; maj\u0105 do czynienia z marketingiem jedynie jako bezbronne ofiary nieustaj\u0105cego nawet na chwil\u0119 ataku <a href=\"http:\/\/www.youtube.com\/watch?v=VCnPe5bBnAU\" target=\"_blank\">rzeczywisto\u015bci ci\u0105g\u0142ej sprzeda\u017cy<\/a>, a nie wsp\u00f3\u0142autorzy tego ataku.<\/p>\n<p style=\"TEXT-ALIGN: justify\">Maltreting jest mi\u0119dzy innymi po to, aby sobie ten atak odreagowa\u0107.<\/p>\n<p style=\"TEXT-ALIGN: justify\">Maltreting jest cholernym zarzewiem antykonsumpcyjnej rewolucji.<\/p>\n<p style=\"TEXT-ALIGN: justify\">No dobra, mo\u017ce troch\u0119 mnie ponios\u0142o.<\/p>\n\n<!-- Facebook Like Button v1.9.6 BEGIN [http:\/\/blog.bottomlessinc.com] -->\n<iframe src=\"http:\/\/www.facebook.com\/plugins\/like.php?href=https%3A%2F%2Fwww.maltreting.pl%2Findex.php%2Fo-maltretingu%2Fdla-kogo-jest-maltreting%2F&amp;layout=button_count&amp;show_faces=false&amp;width=450&amp;action=like&amp;colorscheme=light\" scrolling=\"no\" frameborder=\"0\" allowTransparency=\"true\" style=\"border:none; overflow:hidden; width:450px; height: 30px; align: left; margin: 12px 0px 6px 0px\"><\/iframe>\n<!-- Facebook Like Button END -->\n","protected":false},"excerpt":{"rendered":"<p>Dla mnie. To ja mam mie\u0107 z niego zabaw\u0119. A w przysz\u0142o\u015bci s\u0142aw\u0119, rz\u0105d dusz i dominacj\u0119 nad \u015bwiatem. Ale czytaj\u0105 go inni. Ci &#8222;inni&#8221; to obecnie g\u0142\u00f3wnie ludzie zwi\u0105zani zawodowo z marketingiem. Tak przynajmniej mo\u017cna s\u0105dzi\u0107, je\u015bli zajrzy si\u0119 na profile facebookowych fan\u00f3w Maltretingu (oczywi\u015bcie tych, kt\u00f3rzy te informacje\u2026<\/p>\n<p> <a class=\"continue-reading-link\" href=\"https:\/\/www.maltreting.pl\/index.php\/o-maltretingu\/dla-kogo-jest-maltreting\/\"><span>Czytaj dalej<\/span><i class=\"crycon-right-dir\"><\/i><\/a> <\/p>\n","protected":false},"author":3,"featured_media":0,"parent":2526,"menu_order":12,"comment_status":"open","ping_status":"open","template":"","meta":{"sfsi_plus_gutenberg_text_before_share":"","sfsi_plus_gutenberg_show_text_before_share":"","sfsi_plus_gutenberg_icon_type":"","sfsi_plus_gutenberg_icon_alignemt":"","sfsi_plus_gutenburg_max_per_row":""},"_links":{"self":[{"href":"https:\/\/www.maltreting.pl\/index.php\/wp-json\/wp\/v2\/pages\/2532"}],"collection":[{"href":"https:\/\/www.maltreting.pl\/index.php\/wp-json\/wp\/v2\/pages"}],"about":[{"href":"https:\/\/www.maltreting.pl\/index.php\/wp-json\/wp\/v2\/types\/page"}],"author":[{"embeddable":true,"href":"https:\/\/www.maltreting.pl\/index.php\/wp-json\/wp\/v2\/users\/3"}],"replies":[{"embeddable":true,"href":"https:\/\/www.maltreting.pl\/index.php\/wp-json\/wp\/v2\/comments?post=2532"}],"version-history":[{"count":7,"href":"https:\/\/www.maltreting.pl\/index.php\/wp-json\/wp\/v2\/pages\/2532\/revisions"}],"predecessor-version":[{"id":2620,"href":"https:\/\/www.maltreting.pl\/index.php\/wp-json\/wp\/v2\/pages\/2532\/revisions\/2620"}],"up":[{"embeddable":true,"href":"https:\/\/www.maltreting.pl\/index.php\/wp-json\/wp\/v2\/pages\/2526"}],"wp:attachment":[{"href":"https:\/\/www.maltreting.pl\/index.php\/wp-json\/wp\/v2\/media?parent=2532"}],"curies":[{"name":"wp","href":"https:\/\/api.w.org\/{rel}","templated":true}]}}