{"id":2,"date":"2009-04-28T23:45:56","date_gmt":"2009-04-28T21:45:56","guid":{"rendered":"http:\/\/www.maltreting.pl\/?page_id=2"},"modified":"2012-07-20T07:31:35","modified_gmt":"2012-07-20T05:31:35","slug":"moje-kwalifikacje","status":"publish","type":"page","link":"https:\/\/www.maltreting.pl\/index.php\/o-mnie\/moje-kwalifikacje\/","title":{"rendered":"Moje kwalifikacje"},"content":{"rendered":"<ol style=\"text-align: justify;\">\n<li>Marketing w powszechnej opinii jest r\u00f3wnoznaczny reklamie. A na reklamie, podobnie jak na pi\u0142ce no\u017cnej, polityce i medycynie, zna si\u0119 ka\u017cdy.<\/li>\n<li>Bloga mo\u017ce pisa\u0107 ka\u017cdy. Nawet idioci, o czym \u015bwiadcz\u0105 niezliczone blogi polityk\u00f3w.<\/li>\n<\/ol>\n<p style=\"text-align: justify;\">Mam zatem wystarczaj\u0105ce kwalifikacje, \u017ceby pisa\u0107 bloga o marketingu.<\/p>\n<p style=\"text-align: justify;\">W \u015bwietle powy\u017cszego fakt, \u017ce marketingiem zajmowa\u0142em (czy te\u017c zajmuj\u0119, trudno powiedzie\u0107) si\u0119 zawodowo, nie powinien mie\u0107 ju\u017c najmniejszego znaczenia. W ko\u0144cu, zgodnie z pkt. 1, marketingiem mo\u017ce zajmowa\u0107 si\u0119 ka\u017cdy.<\/p>\n\n<!-- Facebook Like Button v1.9.6 BEGIN [http:\/\/blog.bottomlessinc.com] -->\n<iframe src=\"http:\/\/www.facebook.com\/plugins\/like.php?href=https%3A%2F%2Fwww.maltreting.pl%2Findex.php%2Fo-mnie%2Fmoje-kwalifikacje%2F&amp;layout=button_count&amp;show_faces=false&amp;width=450&amp;action=like&amp;colorscheme=light\" scrolling=\"no\" frameborder=\"0\" allowTransparency=\"true\" style=\"border:none; overflow:hidden; width:450px; height: 30px; align: left; margin: 12px 0px 6px 0px\"><\/iframe>\n<!-- Facebook Like Button END -->\n","protected":false},"excerpt":{"rendered":"<p>Marketing w powszechnej opinii jest r\u00f3wnoznaczny reklamie. A na reklamie, podobnie jak na pi\u0142ce no\u017cnej, polityce i medycynie, zna si\u0119 ka\u017cdy. Bloga mo\u017ce pisa\u0107 ka\u017cdy. Nawet idioci, o czym \u015bwiadcz\u0105 niezliczone blogi polityk\u00f3w. Mam zatem wystarczaj\u0105ce kwalifikacje, \u017ceby pisa\u0107 bloga o marketingu. W \u015bwietle powy\u017cszego fakt, \u017ce marketingiem zajmowa\u0142em (czy\u2026<\/p>\n<p> <a class=\"continue-reading-link\" href=\"https:\/\/www.maltreting.pl\/index.php\/o-mnie\/moje-kwalifikacje\/\"><span>Czytaj dalej<\/span><i class=\"crycon-right-dir\"><\/i><\/a> <\/p>\n","protected":false},"author":3,"featured_media":0,"parent":2542,"menu_order":21,"comment_status":"open","ping_status":"open","template":"","meta":{"sfsi_plus_gutenberg_text_before_share":"","sfsi_plus_gutenberg_show_text_before_share":"","sfsi_plus_gutenberg_icon_type":"","sfsi_plus_gutenberg_icon_alignemt":"","sfsi_plus_gutenburg_max_per_row":""},"_links":{"self":[{"href":"https:\/\/www.maltreting.pl\/index.php\/wp-json\/wp\/v2\/pages\/2"}],"collection":[{"href":"https:\/\/www.maltreting.pl\/index.php\/wp-json\/wp\/v2\/pages"}],"about":[{"href":"https:\/\/www.maltreting.pl\/index.php\/wp-json\/wp\/v2\/types\/page"}],"author":[{"embeddable":true,"href":"https:\/\/www.maltreting.pl\/index.php\/wp-json\/wp\/v2\/users\/3"}],"replies":[{"embeddable":true,"href":"https:\/\/www.maltreting.pl\/index.php\/wp-json\/wp\/v2\/comments?post=2"}],"version-history":[{"count":11,"href":"https:\/\/www.maltreting.pl\/index.php\/wp-json\/wp\/v2\/pages\/2\/revisions"}],"predecessor-version":[{"id":2969,"href":"https:\/\/www.maltreting.pl\/index.php\/wp-json\/wp\/v2\/pages\/2\/revisions\/2969"}],"up":[{"embeddable":true,"href":"https:\/\/www.maltreting.pl\/index.php\/wp-json\/wp\/v2\/pages\/2542"}],"wp:attachment":[{"href":"https:\/\/www.maltreting.pl\/index.php\/wp-json\/wp\/v2\/media?parent=2"}],"curies":[{"name":"wp","href":"https:\/\/api.w.org\/{rel}","templated":true}]}}

<ol style="text-align: justify;">
<li>Marketing w powszechnej opinii jest równoznaczny reklamie. A na reklamie, podobnie jak na piłce nożnej, polityce i medycynie, zna się każdy.</li>
<li>Bloga może pisać każdy. Nawet idioci, o czym świadczą niezliczone blogi polityków.</li>
</ol>
<p style="text-align: justify;">Mam zatem wystarczające kwalifikacje, żeby pisać bloga o marketingu.</p>
<p style="text-align: justify;">W świetle powyższego fakt, że marketingiem zajmowałem (czy też zajmuję, trudno powiedzieć) się zawodowo, nie powinien mieć już najmniejszego znaczenia. W końcu, zgodnie z pkt. 1, marketingiem może zajmować się każdy.</p>

<!-- Facebook Like Button v1.9.6 BEGIN [http://blog.bottomlessinc.com] -->
<iframe src="http://www.facebook.com/plugins/like.php?href=https%3A%2F%2Fwww.maltreting.pl%2Findex.php%2Fo-mnie%2Fmoje-kwalifikacje%2F&amp;layout=button_count&amp;show_faces=false&amp;width=450&amp;action=like&amp;colorscheme=light" scrolling="no" frameborder="0" allowTransparency="true" style="border:none; overflow:hidden; width:450px; height: 30px; align: left; margin: 12px 0px 6px 0px"></iframe>
<!-- Facebook Like Button END -->

<p>Marketing w powszechnej opinii jest równoznaczny reklamie. A na reklamie, podobnie jak na piłce nożnej, polityce i medycynie, zna się każdy. Bloga może pisać każdy. Nawet idioci, o czym świadczą niezliczone blogi polityków. Mam zatem wystarczające kwalifikacje, żeby pisać bloga o marketingu. W świetle powyższego fakt, że marketingiem zajmowałem (czy…</p>
<p> <a class="continue-reading-link" href="https://www.maltreting.pl/index.php/o-mnie/moje-kwalifikacje/"><span>Czytaj dalej</span><i class="crycon-right-dir"></i></a> </p>
